 d a multiple of 14?
False
Let x be 118/(0 + 1/1). Let h be (9 - 1)*15194/568. Let m = h - x. Is m a multiple of 24?
True
Let l(o) = 1. Let b(p) = p - 1. Let j(i) = -b(i) + l(i). Is j(-3) a multiple of 5?
True
Suppose 0 = -153*k + 157*k - 6488. Is k a multiple of 31?
False
Let y(h) = -h**3 - 9*h**2 - 10*h - 1. Let r be y(-8). Suppose -3*m - j = -43, j = -2*j - r. Is 24 a factor of (m/(-12))/((-3)/72)?
False
Let p = 12 + -7. Suppose 2286 = -p*r + 3*r. Is 27 a factor of (4/6)/((-6)/r)?
False
Let y(w) = 15*w**2 + 2*w + 15. Is 10 a factor of y(-5)?
True
Suppose 36*q - 34*q - 520 = 0. Is q a multiple of 5?
True
Suppose 4*a - 20 = 8*a. Let c(w) = 15*w + 7. Let t be c(a). Let n = -40 - t. Is 7 a factor of n?
True
Let y(g) = -3*g**3. Let o be y(-1). Suppose 2*d - o*p = 1, 3*d = d + 2*p + 4. Suppose -f - d*m = -m - 6, 0 = -5*f + 3*m + 53. Does 5 divide f?
True
Suppose 4*r = -5*v + 3335, 11*r + 2627 = 4*v + 6*r. Is v a multiple of 51?
True
Suppose 24 = 3*u - u. Suppose -2*a - 5*a + 28 = 0. Is 64/6 + a/u a multiple of 7?
False
Let a(t) = -17*t**2 - 2*t - 1. Let y(v) = -v**2. Suppose 6*u - 9*u = -12. Let h(x) = u*y(x) - a(x). Is 18 a factor of h(2)?
False
Let w = 126 - 123. Suppose w*y = 111 + 216. Is y a multiple of 25?
False
Let o be (-182)/49 - (18/14 + -1). Does 6 divide o/((-8)/(-12)*-3) + 112?
True
Suppose 4*w = -g + 43, -2*g = 5*w + 27 - 80. Suppose 2*v = -2*d - 6, -5*v + 4 = -d - w. Suppose -v - 20 = -b. Is 22 a factor of b?
True
Suppose -4*t + 1675 = -3*j, 10*j = -t + 14*j + 422. Is 33 a factor of t?
False
Let k = 5183 + -3115. Does 44 divide k?
True
Suppose -d - 2*s = 4*d - 627, -3*d = -2*s - 389. Let l = d - 70. Does 46 divide l?
False
Suppose -2*z = -3*j - 340 - 743, -3*j = 2*z - 1077. Does 36 divide z?
True
Let t = 20 - 24. Is 13 a factor of t/(-18) + 4963/63?
False
Let v(p) = -16*p**3 + 3*p**2 - 3*p - 16. Does 113 divide v(-3)?
True
Suppose -8*m = -9*m - 30. Is ((-380)/m)/((-2)/(-3)) a multiple of 13?
False
Is -242*(-1)/(2/5) a multiple of 38?
False
Let f(p) = 5*p**2 - 4*p + 6 + 5 + p + p**3 + 2*p. Let a(w) = -w**2 + 12*w - 5. Let n be a(12). Is f(n) a multiple of 3?
False
Let a(z) = 4*z + 2. Let s be a(4). Let f be ((-9)/(-2))/(s/96). Does 11 divide (-92)/f*2*-3?
False
Suppose 0 = -2*p - 2*i + 6, -4*p + 2*i = -3*p - 9. Suppose -4*m + p*d = -231, -296 = -5*m + d - 2*d. Does 19 divide m?
False
Let b = -133 - -144. Let v(g) = -g**2 + 15*g - 34. Is 10 a factor of v(b)?
True
Let q(l) = l**2 + 8*l - 2. Suppose u - 3*d - 11 = -8*d, 2*u = d - 22. Is 7 a factor of q(u)?
True
Suppose -5*a = -8*a, -2*b + 432 = -4*a. Is 9 a factor of b?
True
Let l(s) = s**3 - 28*s**2 + 57*s + 57. Is l(26) a multiple of 26?
False
Suppose 0 = -3*k - k + 8. Suppose 4*u = 2*j + 78, -13 = -k*u + 3*j + 28. Is u a multiple of 2?
False
Let t be (3 - (-54 + 0)) + -3. Let f be 2 + (-8)/4 + 2. Suppose -2*c + 3*z = -105 - 10, -t = -c - f*z. Is 22 a factor of c?
False
Let l(s) = -58*s - 760. Let k be l(-13). Let n be ((-6)/5)/(3/350). Is n*3/(45/k) a multiple of 22?
False
Does 5 divide 6 + 198/(-30) + 1583/5?
False
Let x = 24 + -19. Suppose -x*c - 123 = -2*w, 0*w - 2*w - 2*c + 88 = 0. Does 7 divide w?
True
Let h = 2889 + -1420. Is 39 a factor of h?
False
Let b = 248 + 29. Is b a multiple of 22?
False
Suppose 0 = 39*d - 34*d - 7655. Suppose 361 - d = -18*c. Is c a multiple of 13?
True
Suppose 0*k - 3 = o + 3*k, -2*o - 2 = 5*k. Let c(j) = 2*j**2 - 10*j - 8. Let r be c(o). Suppose r = 4*y - 72. Is 7 a factor of y?
False
Let u = 596 - 506. Does 10 divide u?
True
Let i(k) = 489*k**2 - 3*k + 4. Is 14 a factor of i(1)?
True
Is 6 a factor of (-17)/((-170)/(-80)) + 845?
False
Suppose 24 = 2*q + 4*q. Suppose a - 5*k - 88 = -k, 352 = q*a - 4*k. Is a a multiple of 11?
True
Let u = 23 + -20. Suppose 3*x - 31 = 4*h, -5*h + u*h - 33 = -5*x. Let n(w) = -w**3 - 3*w**2 + w - 2. Does 5 divide n(h)?
True
Suppose k - 8 + 3 = 0. Suppose -2*o - p = -2*p - 4, k*p = 5*o - 10. Suppose -14 - 178 = -4*d + o*l, 5*d + 4*l - 240 = 0. Is 24 a factor of d?
True
Suppose -4*b + 0*b = -36. Suppose 2*g + b = 3. Is 5 a factor of (-3)/((-240)/76 - g)?
False
Let z be (-2)/9 + (-16)/9. Is 20 a factor of 80 + -3 + 5 + z?
True
Suppose 4*g = 39 + 13. Suppose g*l - 9*l - 1025 = -5*i, -2*i = 2*l - 512. Does 15 divide l?
True
Suppose 2448 = -12*y + 21*y. Suppose -5*v = -y - 68. Does 21 divide v?
False
Suppose 16*q - 15405 - 12339 = 0. Does 17 divide q?
True
Let k be (424*-1)/(-4) - -2. Let w = -91 + k. Is w a multiple of 16?
False
Suppose 4*c = 4*z + 240, 3*c + 40 = z + 210. Suppose 3*d + 313 = -4*b + c, -262 = 4*b + d. Let n = 116 + b. Is n a multiple of 10?
True
Let c(w) = 21*w**2 - 2*w - 4. Let r be c(-2). Suppose -2*g = 32 - r. Does 6 divide g?
False
Suppose 2*o - 30 = -o. Let s(n) = 4*n - 22. Is 7 a factor of s(o)?
False
Let t(m) = 4*m - 6. Let x be t(4). Suppose -x*v = -5*v - 140. Suppose -d + 3*s = 0, 5*d - 2*d = 2*s + v. Does 4 divide d?
True
Let m be (6/(-4) + 2)*0. Suppose m = -0*o - 2*o. Suppose o = 2*z + 2*z - 32. Is 4 a factor of z?
True
Let v be (11 + -6)*(-6)/(-15). Suppose 320 = -v*a + 7*a. Does 8 divide a?
True
Let o(h) = h**2 - 5*h + 2. Suppose -4*c + 6 = -10. Let f be o(c). Is 2 a factor of 5*(6/f + 4)?
False
Let l(b) = 2 - 2 - 3*b. Let g = 30 + -38. Is l(g) a multiple of 6?
True
Let p = 4 - 44. Does 15 divide (-306)/(-10) - (-24)/p?
True
Let u(k) = 13*k**2. Let g be u(1). Let j = g + -13. Suppose 0 = -3*c - 3*l + 21, 5*c - 67 = -j*c + 3*l. Does 2 divide c?
False
Suppose 0 = -3*u + h + 111, -3*u = -u + 3*h - 74. Suppose -2*v + 13 = 1. Let p = v + u. Does 12 divide p?
False
Suppose 5*w = w + 140. Suppose 9*f - 65 = 268. Suppose -w*v = -f*v + 6. Is v even?
False
Let q(x) = -x**3 - 6*x**2 - 4*x + 5. Let u be q(-5). Suppose -5*a + 80 + 70 = u. Is 15 a factor of a?
True
Suppose -53*s - 2192 = -32985. Is 13 a factor of s?
False
Let b(p) = -p - 11*p**3 + 1 + 38*p**3 + 7*p**2 + 18*p**3 - 8*p**2. Let g be b(1). Suppose 0 = -4*a + 5*v + g, -6*v = -v + 20. Is 4 a factor of a?
False
Suppose -5*v = 0, 3*j = -2*j - 2*v - 140. Suppose -2 = 2*t - 10. Does 10 divide (t + -9)/(2/j)?
True
Let o(x) = 2*x**2 + 10*x + 16. Let j be o(-5). Let n be (-2)/(j/(-166))*-4. Let m = n - -134. Is 11 a factor of m?
False
Let s = 2299 + 782. Is 39 a factor of s?
True
Suppose -4*l - 9 = 11. Let m = l - -35. Suppose -m = 8*d - 11*d. Is 5 a factor of d?
True
Let q(r) = -2*r**2 + r**2 - 1 + 10. Let f be q(0). Suppose -w - 3*y = -42, 19 = w - 4*y - f. Is w a multiple of 25?
False
Let g(u) = u**3 + 11*u**2 + 13*u. Let l be g(-7). Let m = l - 24. Does 18 divide m?
False
Let q(u) = u**3 + 5*u**2 - 7*u + 1. Let k be q(-6). Suppose -4*w + 306 = -2*m, 2*w + 4*m = k*w - 381. Is w a multiple of 11?
True
Suppose -5*w = -8*w + 21. Suppose 0 = -2*f - w + 19. Suppose 0 = 3*c - f*c + 111. Is c a multiple of 14?
False
Let z = -4 - -4. Suppose z*v - 4*y - 4 = -v, 0 = 5*v - 4*y - 36. Suppose 3*i - 147 = -3*r, 2*i = -v*r + 4*r + 106. Is 23 a factor of i?
False
Suppose 0 = -12*u + 9*u + 1908. Does 10 divide u?
False
Let g(r) = 2*r**2 + 15*r + 101. Is 5 a factor of g(-7)?
False
Let d(u) = u**3 - 9*u**2 + 15*u - 6. Let h be d(7). Does 11 divide 1 + 76/(h - -3)?
False
Suppose 51 + 131 = 2*n. Suppose -n - 41 = -3*r. Does 6 divide r/6*(10 - 7)?
False
Suppose -5*j + 277 = r - 41, -4*j + 264 = 4*r. Suppose t - 4*s - 78 = -2*s, t + 3*s = j. Is 36 a factor of t?
True
Is (18/(-8))/(-4 - 13288/(-3328)) a multiple of 8?
True
Suppose -i - 46 = -53. Suppose 12*k - 225 = i*k. Is k a multiple of 5?
True
Does 37 divide -111*(-3)/(-9)*-1?
True
Let w(n) = -12*n**2 - 4*n + 3. Let i(y) = y**2 + 1. Let l(p) = -4*i(p) - w(p). Is l(3) a multiple of 10?
False
Let y be (3/4)/((-1)/(-20)). Suppose -2*p + y = -5*p. Is 11 a factor of (-23)/(-2)*(-3 - p)?
False
Let i = -17 + 21. Suppose i*y - 472 = 64. Does 21 divide y?
False
Let x be ((147/(-6))/7 + 4)*-900. Does 25 divide x/(-3)*(-4)/(-6)?
True
Suppose -5*x = 5*n - 6820, -4*x = -4*n - 7299 + 1867. Does 18 divide x?
False
Suppose 2147 = 10*c - 953. Suppose 7*t - c = 2*t. Does 22 divide t?
False
Suppose 0 = -8*i - 686 + 2286. Suppose i = 6*s - s. Is 10 a factor of s?
True
Let t be (-3)/(-6)*-4 + 7. Suppose 3*x = t*x - 2. Is 65/10*x*2 a multiple of 12?
False
Let b(x) = x**3 + 19*x**2 - 36*x + 77. Is 110 a factor of b(-20)?
False
Let u be 16